{"id":2858,"date":"2021-11-24T14:44:34","date_gmt":"2021-11-24T12:44:34","guid":{"rendered":"https:\/\/team.aureagroup.fi\/?page_id=2858"},"modified":"2021-11-24T15:52:08","modified_gmt":"2021-11-24T13:52:08","slug":"rekrytointi-avoin-hakemus","status":"publish","type":"page","link":"https:\/\/team.aureagroup.fi\/?page_id=2858","title":{"rendered":"Rekrytointi &#8211; avoin hakemus"},"content":{"rendered":"\n<h2 class=\"wp-block-heading\">Haluatko osaksi TeamAureaa?<\/h2>\n\n\n\n<p>Panostamme ty\u00f6ntekij\u00f6iden koulutukseen ja menestymiseen eri ty\u00f6teht\u00e4viss\u00e4 kahdella eri paikkakunnalla.<\/p>\n\n\n\n<p><\/p>\n\n\n\n<p>J\u00e4t\u00e4 meille tietosi ja ty\u00f6toiveesi oheisella lomakkeella, vaikka avoimia ty\u00f6paikkoja ei t\u00e4ll\u00e4 hetkell\u00e4 olisi avoinna.<br>Otamme heti yhteytt\u00e4 mik\u00e4li kokemustasi vastaava paikka avautuu.<\/p>\n\n\n\n<p><span class=\"has-inline-color has-gridlove-acc-color\">*<\/span> pakollinen tieto<\/p>\n\n\n<div class=\"caldera-grid\" id=\"caldera_form_1\" data-cf-ver=\"1.9.6\" data-cf-form-id=\"CF59f6e3c108145\"><div id=\"caldera_notices_1\" data-spinner=\"https:\/\/team.aureagroup.fi\/wp-admin\/images\/spinner.gif\"><\/div><form data-instance=\"1\" class=\"CF59f6e3c108145 caldera_forms_form cfajax-trigger\" method=\"POST\" enctype=\"multipart\/form-data\" id=\"CF59f6e3c108145_1\" data-form-id=\"CF59f6e3c108145\" aria-label=\"Rekrytointi\" data-target=\"#caldera_notices_1\" data-template=\"#cfajax_CF59f6e3c108145-tmpl\" data-cfajax=\"CF59f6e3c108145\" data-load-element=\"_parent\" data-load-class=\"cf_processing\" data-post-disable=\"0\" data-action=\"cf_process_ajax_submit\" data-request=\"https:\/\/team.aureagroup.fi\/?cf_api=CF59f6e3c108145\" data-hiderows=\"true\">\r\n<input type=\"hidden\" id=\"_cf_verify_CF59f6e3c108145\" name=\"_cf_verify\" value=\"458e99951f\"  data-nonce-time=\"1776382917\" \/><input type=\"hidden\" name=\"_wp_http_referer\" value=\"\/index.php?rest_route=%2Fwp%2Fv2%2Fpages%2F2858\" \/><div id=\"cf2-CF59f6e3c108145_1\"><\/div><input type=\"hidden\" name=\"_cf_frm_id\" value=\"CF59f6e3c108145\">\r\n<input type=\"hidden\" name=\"_cf_frm_ct\" value=\"1\">\r\n<input type=\"hidden\" name=\"cfajax\" value=\"CF59f6e3c108145\">\r\n<input type=\"hidden\" name=\"_cf_cr_pst\" value=\"2858\">\r\n<div class=\"hide\" style=\"display:none; overflow:hidden;height:0;width:0;\">\r\n<label>Twitter<\/label><input type=\"text\" name=\"twitter\" value=\"\" autocomplete=\"off\">\r\n<\/div><div id=\"CF59f6e3c108145_1-row-1\"  class=\"row  first_row\"><div  class=\"col-sm-12  single\"><\/div><\/div><div id=\"CF59f6e3c108145_1-row-2\"  class=\"row \"><div  class=\"col-sm-6  first_col\"><div data-field-wrapper=\"fld_1284761\" class=\"form-group\" id=\"fld_1284761_1-wrap\">\r\n\t<label id=\"fld_1284761Label\" for=\"fld_1284761_1\" class=\"control-label\">Nimi <span aria-hidden=\"true\" role=\"presentation\" class=\"field_required\" style=\"color:#ee0000;\">*<\/span><\/label>\r\n\t<div class=\"\">\r\n\t\t<input   required type=\"text\" data-field=\"fld_1284761\" class=\" form-control\" id=\"fld_1284761_1\" name=\"fld_1284761\" value=\"\" data-type=\"text\" aria-required=\"true\"   aria-labelledby=\"fld_1284761Label\" >\t\t\t<\/div>\r\n<\/div>\r\n<div data-field-wrapper=\"fld_5663281\" class=\"form-group\" id=\"fld_5663281_1-wrap\">\r\n\t<label id=\"fld_5663281Label\" for=\"fld_5663281_1\" class=\"control-label\">Puhelin <span aria-hidden=\"true\" role=\"presentation\" class=\"field_required\" style=\"color:#ee0000;\">*<\/span><\/label>\r\n\t<div class=\"\">\r\n\t\t<input   required type=\"text\" data-field=\"fld_5663281\" class=\" form-control\" id=\"fld_5663281_1\" name=\"fld_5663281\" value=\"\" data-type=\"text\" aria-required=\"true\"   aria-labelledby=\"fld_5663281Label\" >\t\t\t<\/div>\r\n<\/div>\r\n<div data-field-wrapper=\"fld_8647359\" class=\"form-group\" id=\"fld_8647359_1-wrap\">\r\n\t<label id=\"fld_8647359Label\" for=\"fld_8647359_1\" class=\"control-label\">S\u00e4hk\u00f6posti <span aria-hidden=\"true\" role=\"presentation\" class=\"field_required\" style=\"color:#ee0000;\">*<\/span><\/label>\r\n\t<div class=\"\">\r\n\t\t<input   required type=\"text\" data-field=\"fld_8647359\" class=\" form-control\" id=\"fld_8647359_1\" name=\"fld_8647359\" value=\"\" data-type=\"text\" aria-required=\"true\"   aria-labelledby=\"fld_8647359Label\" >\t\t\t<\/div>\r\n<\/div>\r\n<\/div><div  class=\"col-sm-6  last_col\"><div data-field-wrapper=\"fld_3805255\" class=\"form-group\" id=\"fld_3805255_1-wrap\">\r\n\t<label id=\"fld_3805255Label\" for=\"fld_3805255_1\" class=\"control-label\">Katuosoite <span aria-hidden=\"true\" role=\"presentation\" class=\"field_required\" style=\"color:#ee0000;\">*<\/span><\/label>\r\n\t<div class=\"\">\r\n\t\t<input   required type=\"text\" data-field=\"fld_3805255\" class=\" form-control\" id=\"fld_3805255_1\" name=\"fld_3805255\" value=\"\" data-type=\"text\" aria-required=\"true\"   aria-labelledby=\"fld_3805255Label\" >\t\t\t<\/div>\r\n<\/div>\r\n<div data-field-wrapper=\"fld_2299105\" class=\"form-group\" id=\"fld_2299105_1-wrap\">\r\n\t<label id=\"fld_2299105Label\" for=\"fld_2299105_1\" class=\"control-label\">Postitoimipaikka <span aria-hidden=\"true\" role=\"presentation\" class=\"field_required\" style=\"color:#ee0000;\">*<\/span><\/label>\r\n\t<div class=\"\">\r\n\t\t<input   required type=\"text\" data-field=\"fld_2299105\" class=\" form-control\" id=\"fld_2299105_1\" name=\"fld_2299105\" value=\"\" data-type=\"text\" aria-required=\"true\"   aria-labelledby=\"fld_2299105Label\" >\t\t\t<\/div>\r\n<\/div>\r\n<div data-field-wrapper=\"fld_660307\" class=\"form-group\" id=\"fld_660307_1-wrap\">\r\n\t<label id=\"fld_660307Label\" for=\"fld_660307_1\" class=\"control-label\">Postinumero <span aria-hidden=\"true\" role=\"presentation\" class=\"field_required\" style=\"color:#ee0000;\">*<\/span><\/label>\r\n\t<div class=\"\">\r\n\t\t<input   required type=\"text\" data-field=\"fld_660307\" class=\" form-control\" id=\"fld_660307_1\" name=\"fld_660307\" value=\"\" data-type=\"text\" aria-required=\"true\"   aria-labelledby=\"fld_660307Label\" >\t\t\t<\/div>\r\n<\/div>\r\n<\/div><\/div><div id=\"CF59f6e3c108145_1-row-3\"  class=\"row \"><div  class=\"col-sm-12  single\"><div class=\"\"><\/div><\/div><\/div><div id=\"CF59f6e3c108145_1-row-4\"  class=\"row \"><div  class=\"col-sm-6  first_col\"><div data-field-wrapper=\"fld_2546066\" class=\"form-group\" id=\"fld_2546066_1-wrap\">\r\n<label id=\"fld_2546066Label\" for=\"fld_2546066_1\" class=\"control-label\">Vuoroty\u00f6 <span aria-hidden=\"true\" role=\"presentation\" class=\"field_required\" style=\"color:#ee0000;\">*<\/span><\/label>\r\n<div class=\"\">\r\n\t\t\t\t\t<div class=\"radio\">\n\t\t\t\t<label data-label=\"Vuoroty\u00f6 sopii\" for=\"fld_2546066_1_opt1254908\"><input type=\"radio\" id=\"fld_2546066_1_opt1254908\" data-field=\"fld_2546066\" class=\"fld_2546066_1 option-required\" name=\"fld_2546066\" value=\"Vuoroty\u00f6 sopii\"   required=\"required\" data-radio-field=\"fld_2546066_1\" data-type=\"radio\" data-calc-value=\"Vuoroty\u00f6 sopii\" \/>\n\t\t\tVuoroty\u00f6 sopii\t\t<\/label>\n\t\t\t\t\t<\/div>\n\t\t\t\t\t\t\t\t\t<div class=\"radio\">\n\t\t\t\t<label data-label=\"Haen vain p\u00e4iv\u00e4ty\u00f6t\u00e4\" for=\"fld_2546066_1_opt1264725\"><input type=\"radio\" id=\"fld_2546066_1_opt1264725\" data-field=\"fld_2546066\" class=\"fld_2546066_1 option-required\" name=\"fld_2546066\" value=\"Haen vain p\u00e4iv\u00e4ty\u00f6t\u00e4\"   required=\"required\" data-radio-field=\"fld_2546066_1\" data-type=\"radio\" data-calc-value=\"Haen vain p\u00e4iv\u00e4ty\u00f6t\u00e4\" \/>\n\t\t\tHaen vain p\u00e4iv\u00e4ty\u00f6t\u00e4\t\t<\/label>\n\t\t\t\t\t<\/div>\n\t\t\t\t<\/div>\r\n<\/div>\r\n<div data-field-wrapper=\"fld_2646385\" class=\"form-group\" id=\"fld_2646385_1-wrap\">\r\n<label id=\"fld_2646385Label\" for=\"fld_2646385_1\" class=\"control-label\">Voisin ottaa ty\u00f6paikan vastaan <span aria-hidden=\"true\" role=\"presentation\" class=\"field_required\" style=\"color:#ee0000;\">*<\/span><\/label>\r\n<div class=\"\">\r\n\t\t\t\t\t<div class=\"radio\">\n\t\t\t\t<label data-label=\"Heti\" for=\"fld_2646385_1_opt1208511\"><input type=\"radio\" id=\"fld_2646385_1_opt1208511\" data-field=\"fld_2646385\" class=\"fld_2646385_1 option-required\" name=\"fld_2646385\" value=\"Heti\"   required=\"required\" data-radio-field=\"fld_2646385_1\" data-type=\"radio\" data-calc-value=\"Heti\" \/>\n\t\t\tHeti\t\t<\/label>\n\t\t\t\t\t<\/div>\n\t\t\t\t\t\t\t\t\t<div class=\"radio\">\n\t\t\t\t<label data-label=\"Alkaen\" for=\"fld_2646385_1_opt1637478\"><input type=\"radio\" id=\"fld_2646385_1_opt1637478\" data-field=\"fld_2646385\" class=\"fld_2646385_1 option-required\" name=\"fld_2646385\" value=\"Alkaen\"   required=\"required\" data-radio-field=\"fld_2646385_1\" data-type=\"radio\" data-calc-value=\"Alkaen\" \/>\n\t\t\tAlkaen\t\t<\/label>\n\t\t\t\t\t<\/div>\n\t\t\t\t<\/div>\r\n<\/div>\r\n<div data-field-wrapper=\"fld_9875106\" class=\"form-group\" id=\"fld_9875106_1-wrap\">\r\n\t<label id=\"fld_9875106Label\" for=\"fld_9875106_1\" class=\"control-label screen-reader-text sr-only\">Voisin ottaa ty\u00f6paikan vastaan alkaen<\/label>\r\n\t<div class=\"\">\r\n\t\t<input placeholder=\"xx.xx.xxxx\" data-inputmask=\"'mask': '99.99.9999'\"   type=\"text\" data-field=\"fld_9875106\" class=\" form-control\" id=\"fld_9875106_1\" name=\"fld_9875106\" value=\"\" data-type=\"text\"   aria-labelledby=\"fld_9875106Label\" >\t\t\t<\/div>\r\n<\/div>\r\n<\/div><div  class=\"col-sm-6  last_col\"><style>\n#s2id_fld_7361320_1.ccselect2-container.ccselect2-dropdown-open .ccselect2-choice,\n#s2id_fld_7361320_1.ccselect2-container.ccselect2-dropdown-open .ccselect2-choices,\n.s2id_fld_7361320_1.ccselect2-drop-active,\n.s2id_fld_7361320_1.ccselect2-drop.ccselect2-drop-above.ccselect2-drop-active,\n.s2id_fld_7361320_1.ccselect2-container-active .ccselect2-choice,\n.s2id_fld_7361320_1.ccselect2-container-active .ccselect2-choices,\n.s2id_fld_7361320_1.ccselect2-dropdown-open.ccselect2-drop-above .ccselect2-choice,\n.s2id_fld_7361320_1.ccselect2-dropdown-open.ccselect2-drop-above .ccselect2-choices,\n.s2id_fld_7361320_1.ccselect2-container-multi.ccselect2-container-active .ccselect2-choices,\n.s2id_fld_7361320_1.ccselect2-container-multi .ccselect2-choices .ccselect2-search-choice-focus{\n    border-color: #4b8dc9 !important;\n}\n.s2id_fld_7361320_1 .ccselect2-results .ccselect2-highlighted,\n.s2id_fld_7361320_1 .ccselect2-container-multi .ccselect2-choices .ccselect2-search-choice-focus{\n\tbackground: #5b9dd9 !important;\n}\n.has-error .s2id_fld_7361320_1 .ccselect2-container .ccselect2-choice {\n\tborder-color: #dd4b39 !important;\n\tbackground-color: #f2dede !important;\n\tbackground-image: none;\n}\n<\/style>\n<script>\nwindow.addEventListener('DOMContentLoaded', function(){\n\tjQuery( function($){\n\t\t\t\n\t\tvar opts = {};\n\t\t\n\t\t$(document).on('cf.bind', '#fld_7361320_1', function() {\n\t\t\t$(this).select2( opts );\n\t\t});\n\t});\n});\n<\/script>\n<div data-field-wrapper=\"fld_7361320\" class=\"form-group\" id=\"fld_7361320_1-wrap\">\r\n\t<label id=\"fld_7361320Label\" for=\"fld_7361320_1\" class=\"control-label\">Yritys johon haen <span aria-hidden=\"true\" role=\"presentation\" class=\"field_required\" style=\"color:#ee0000;\">*<\/span><\/label>\r\n\t<div class=\"\">\r\n\t\t\t\t<select  id=\"fld_7361320_1\" multiple=\"multiple\" data-select-two=\"true\" data-field=\"fld_7361320\" class=\"form-control\" name=\"fld_7361320[]\" required=\"required\" data-placeholder=\"&lt; Valitse yritys johon haet &gt;\">\n\t\t<option value=\"\"><\/option>\t\t\t\t<option\n\t\t\t\t\tdata-calc-value=\"PKP-Machining (P\u00f6yty\u00e4)\"\n\t\t\t\t\tvalue=\"PKP-Machining (P\u00f6yty\u00e4)\"\n\t\t\t\t\t\t\t\t\t\t>\n\t\t\t\t\tPKP-Machining (P\u00f6yty\u00e4)\t\t\t\t<\/option>\n\t\t\t\t\t\t\t\t<option\n\t\t\t\t\tdata-calc-value=\"Aurea Steel (Kankaanp\u00e4\u00e4)\"\n\t\t\t\t\tvalue=\"Aurea Steel (Kankaanp\u00e4\u00e4)\"\n\t\t\t\t\t\t\t\t\t\t>\n\t\t\t\t\tAurea Steel (Kankaanp\u00e4\u00e4)\t\t\t\t<\/option>\n\t\t\t\t\t\t<\/select>\n\t\t\t\t<span id=\"fld_7361320Caption\" class=\"help-block\">Voit valita my\u00f6s useamman yrityksen<\/span>\r\n\t<\/div>\r\n<\/div>\r\n\n<\/div><\/div><div id=\"CF59f6e3c108145_1-row-5\"  class=\"row \"><div  class=\"col-sm-12  single\"><div class=\"\"><\/div><\/div><\/div><div id=\"CF59f6e3c108145_1-row-6\"  class=\"row \"><div  class=\"col-sm-12  single\"><div data-field-wrapper=\"fld_7586476\" class=\"form-group\" id=\"fld_7586476_1-wrap\">\r\n\t<label id=\"fld_7586476Label\" for=\"fld_7586476_1\" class=\"control-label\">Koulutus<\/label>\r\n\t<div class=\"\">\r\n\t\t<textarea name=\"fld_7586476\" value=\"\" data-field=\"fld_7586476\" class=\"form-control\" id=\"fld_7586476_1\" rows=\"6\"    aria-labelledby=\"fld_7586476Label\" ><\/textarea>\n\t\t\t<\/div>\r\n<\/div>\r\n<\/div><\/div><div id=\"CF59f6e3c108145_1-row-7\"  class=\"row \"><div  class=\"col-sm-12  single\"><div data-field-wrapper=\"fld_1053416\" class=\"form-group\" id=\"fld_1053416_1-wrap\">\r\n\t<label id=\"fld_1053416Label\" for=\"fld_1053416_1\" class=\"control-label\">Ty\u00f6kokemus<\/label>\r\n\t<div class=\"\">\r\n\t\t<textarea name=\"fld_1053416\" value=\"\" data-field=\"fld_1053416\" class=\"form-control\" id=\"fld_1053416_1\" rows=\"6\"    aria-labelledby=\"fld_1053416Label\" ><\/textarea>\n\t\t\t<\/div>\r\n<\/div>\r\n<\/div><\/div><div id=\"CF59f6e3c108145_1-row-8\"  class=\"row \"><div  class=\"col-sm-12  single\"><div data-field-wrapper=\"fld_9366088\" class=\"form-group\" id=\"fld_9366088_1-wrap\">\r\n\t<label id=\"fld_9366088Label\" for=\"fld_9366088_1\" class=\"control-label\">Lis\u00e4tietoja<\/label>\r\n\t<div class=\"\">\r\n\t\t<textarea name=\"fld_9366088\" value=\"\" data-field=\"fld_9366088\" class=\"form-control\" id=\"fld_9366088_1\" rows=\"6\"    aria-labelledby=\"fld_9366088Label\" ><\/textarea>\n\t\t\t<\/div>\r\n<\/div>\r\n<\/div><\/div><div id=\"CF59f6e3c108145_1-row-9\"  class=\"row \"><div  class=\"col-sm-6  first_col\"><div data-field-wrapper=\"fld_7741116\" class=\"form-group\" id=\"fld_7741116_1-wrap\">\r\n\t<label id=\"fld_7741116Label\" for=\"fld_7741116_1\" class=\"control-label\">Voit ladata my\u00f6s CV:si PDF-muodossa.<\/label>\r\n\t<div class=\"file-prevent-overflow\">\r\n\t\t<div id=\"fld_7741116_1_file_list\" class=\"cf-multi-uploader-list\"><\/div>\n\t\t\t\t<input type=\"file\" name=\"fld_7741116\" value=\"\" data-field=\"fld_7741116\" class=\"\" id=\"fld_7741116_1\" data-controlid=\"trupl69e173c522ff7\"      aria-labelledby=\"fld_7741116Label\">\n\t\t<input type=\"hidden\" name=\"fld_7741116\" value=\"trupl69e173c522ff7\">\n\t\t\t<\/div>\r\n<\/div>\r\n<div class=\"\"><\/div><div data-field-wrapper=\"fld_3307879\" class=\"form-group\" id=\"fld_3307879_1-wrap\">\r\n<label id=\"fld_3307879Label\" for=\"fld_3307879_1\" class=\"control-label\">Olen lukenut rekisteriselosteen <span aria-hidden=\"true\" role=\"presentation\" class=\"field_required\" style=\"color:#ee0000;\">*<\/span><\/label>\r\n<div class=\"\">\r\n\t\t\t\t\t<div class=\"radio\">\n\t\t\t\t<label data-label=\"Kyll\u00e4\" for=\"fld_3307879_1_opt1937415\"><input type=\"radio\" id=\"fld_3307879_1_opt1937415\" data-field=\"fld_3307879\" class=\"fld_3307879_1 option-required\" name=\"fld_3307879\" value=\"Kyll\u00e4\"   required=\"required\" data-radio-field=\"fld_3307879_1\" data-type=\"radio\" data-calc-value=\"Kyll\u00e4\" \/>\n\t\t\tKyll\u00e4\t\t<\/label>\n\t\t\t\t\t<\/div>\n\t\t\t\t<\/div>\r\n<\/div>\r\n<div class=\"\"><p>&raquo; <a href=\"https:\/\/team.aureagroup.fi\/rekisteriseloste\/\" target=\"_blank\">Rekisteriseloste<\/a><\/p>\n<\/div><div class=\"\"><\/div><\/div><div  class=\"col-sm-6  last_col\"><\/div><\/div><div id=\"CF59f6e3c108145_1-row-10\"  class=\"row \"><div  class=\"col-sm-6  first_col\"><div data-field-wrapper=\"fld_4947756\" class=\"form-group\" id=\"fld_4947756_1-wrap\">\r\n<div class=\"\">\r\n\t<input  class=\"btn btn-default\" type=\"submit\" name=\"fld_4947756\" id=\"fld_4947756_1\" value=\"L\u00e4het\u00e4 lomake\" data-field=\"fld_4947756\"  >\n<\/div>\r\n<\/div>\r\n\t<input class=\"button_trigger_1\" type=\"hidden\" name=\"fld_4947756\" id=\"fld_4947756_1_btn\" value=\"\" data-field=\"fld_4947756\"  \/>\n<\/div><div  class=\"col-sm-6  last_col\"><div data-field-wrapper=\"fld_3296238\" class=\"form-group\" id=\"fld_3296238_1-wrap\">\r\n<div class=\"\">\r\n\t<input  class=\"btn btn-default\" type=\"reset\" name=\"fld_3296238\" id=\"fld_3296238_1\" value=\"Tyhjenn\u00e4 lomake\" data-field=\"fld_3296238\"  >\n<\/div>\r\n<\/div>\r\n\t<input class=\"button_trigger_1\" type=\"hidden\" name=\"fld_3296238\" id=\"fld_3296238_1_btn\" value=\"\" data-field=\"fld_3296238\"  \/>\n<\/div><\/div><div id=\"CF59f6e3c108145_1-row-11\"  class=\"row  last_row\"><div  class=\"col-sm-12  single\"><\/div><\/div><\/form>\r\n<\/div>\r\n","protected":false},"excerpt":{"rendered":"<p>Haluatko osaksi TeamAureaa? Panostamme ty\u00f6ntekij\u00f6iden koulutukseen ja menestymiseen eri ty\u00f6teht\u00e4viss\u00e4 kahdella eri paikkakunnalla. J\u00e4t\u00e4 meille tietosi ja ty\u00f6toiveesi oheisella lomakkeella, vaikka avoimia ty\u00f6paikkoja ei t\u00e4ll\u00e4 hetkell\u00e4 olisi avoinna.Otamme heti yhteytt\u00e4 mik\u00e4li kokemustasi vastaava paikka avautuu. * pakollinen tieto<\/p>\n","protected":false},"author":1,"featured_media":2870,"parent":0,"menu_order":0,"comment_status":"closed","ping_status":"closed","template":"","meta":{"ngg_post_thumbnail":0,"_themeisle_gutenberg_block_has_review":false,"footnotes":""},"class_list":["post-2858","page","type-page","status-publish","has-post-thumbnail","hentry"],"_links":{"self":[{"href":"https:\/\/team.aureagroup.fi\/index.php?rest_route=\/wp\/v2\/pages\/2858","targetHints":{"allow":["GET"]}}],"collection":[{"href":"https:\/\/team.aureagroup.fi\/index.php?rest_route=\/wp\/v2\/pages"}],"about":[{"href":"https:\/\/team.aureagroup.fi\/index.php?rest_route=\/wp\/v2\/types\/page"}],"author":[{"embeddable":true,"href":"https:\/\/team.aureagroup.fi\/index.php?rest_route=\/wp\/v2\/users\/1"}],"replies":[{"embeddable":true,"href":"https:\/\/team.aureagroup.fi\/index.php?rest_route=%2Fwp%2Fv2%2Fcomments&post=2858"}],"version-history":[{"count":4,"href":"https:\/\/team.aureagroup.fi\/index.php?rest_route=\/wp\/v2\/pages\/2858\/revisions"}],"predecessor-version":[{"id":2872,"href":"https:\/\/team.aureagroup.fi\/index.php?rest_route=\/wp\/v2\/pages\/2858\/revisions\/2872"}],"wp:featuredmedia":[{"embeddable":true,"href":"https:\/\/team.aureagroup.fi\/index.php?rest_route=\/wp\/v2\/media\/2870"}],"wp:attachment":[{"href":"https:\/\/team.aureagroup.fi\/index.php?rest_route=%2Fwp%2Fv2%2Fmedia&parent=2858"}],"curies":[{"name":"wp","href":"https:\/\/api.w.org\/{rel}","templated":true}]}}